 0. Is (109 - -2)*94/z a prime number?
False
Let z(q) = 27*q**2 + q - 3. Suppose 4*u - 4 = 2*s, -4*s - 2*u = -0*s - 2. Suppose 2*a - 6*a = i + 9, s = -2*i - 2. Is z(a) a prime number?
True
Suppose -s + 124 = 5*q, 265 = 2*s + 5*q + 12. Suppose 3*d + 360 = -d. Let g = s + d. Is g composite?
True
Suppose 0 = 8*j - 2275 - 41669. Is j a composite number?
True
Let o(d) = -970*d - 31. Let m be o(-8). Suppose 3*n - 5981 = -2*q, -q + 1760 = -3*n + m. Is n composite?
True
Suppose o = -3*i + 1, -5*i + 0 = 3*o - 3. Let k = -129 + 133. Suppose -k*h = -i*h - 444. Is h composite?
True
Suppose 0 = -4*s + 9*s - 600. Let o = s + 421. Is o a prime number?
True
Suppose 237*x + 1191570 = 267*x. Is x a composite number?
False
Suppose -4*a + 9128 = 5*q - 9*q, -11401 = -5*a - 4*q. Is a a composite number?
False
Let p be 3 - (-1)/(3*1/75489). Let z = p - 17413. Is z composite?
False
Suppose -59*x = -2300 - 115287. Is x a composite number?
False
Let q(s) = 1038*s**2 - 8*s + 9. Is q(1) composite?
False
Let k = 1089 - 440. Is k prime?
False
Let q(m) = 853*m**2 + 36*m + 25. Is q(6) composite?
False
Let j = 22530 + -13348. Is j composite?
True
Suppose -2*c - 3*c + 25 = 5*m, 2*c - 6 = -3*m. Suppose a + 29 = -4*d + 4*a, -2*d - 17 = a. Is (-30)/d*24/c prime?
False
Suppose -16*u + 372 + 1660 = 0. Is u prime?
True
Let z be -2 - 1 - 7*-1. Suppose m + 7 - 75 = 5*d, -m = -z*d - 71. Is m composite?
False
Let q = 91 - 86. Suppose -8 = f - q*f, -3*f + 20210 = 4*t. Is t a composite number?
False
Let t(c) = -21 + 5 - 197*c + 4 + 14. Is t(-1) composite?
False
Let c(g) = 114*g**3 - 3*g**2 - 2*g + 2. Let d be c(-2). Let q = 204 - d. Is ((-20)/(-30))/(4/q) a composite number?
True
Suppose 0 = -3*i + 4*m - 5, i - 4*m = -2*m - 5. Suppose -28 = 4*p + 4*s, i*p + s + s + 20 = 0. Is p*(-2 + (-141)/6) a composite number?
True
Suppose 3*j + 8 = -3*f - 1, 0 = 2*j + 3*f + 8. Let i(q) = 10*q**3 - q**2 + 1. Let v be i(j). Let m = v - -33. Is m prime?
True
Let p = 6965 - 4782. Is p a composite number?
True
Let h be (-6736)/(-24) + 1/3. Let z = -124 + h. Is z a prime number?
True
Suppose -11*i + 21531 + 5342 = 0. Is i prime?
False
Let t = -222 - 213. Let v = t - -922. Is v a composite number?
False
Let s(m) be the second derivative of 55*m**3/3 - 33*m**2/2 - 13*m. Is s(7) prime?
False
Let n be 111675/30 - (-3)/(-2). Suppose 84 = -k + n. Is k a composite number?
False
Let o(y) = 63*y**2 - 24*y + 19. Is o(12) a composite number?
False
Let x = -6463 - -11202. Is x composite?
True
Suppose 5*g - 2*g = 2*u - 16, u - 23 = 4*g. Let d(y) = -185*y - 3. Let f be d(g). Suppose -f = -3*m - 0*m + 3*t, 0 = 2*m + t - 744. Is m a prime number?
False
Let i = 5 - 1. Suppose i*n = n. Suppose 4*c - 5*f - 2611 = 217, n = 5*c + 5*f - 3535. Is c a prime number?
False
Let y(i) = -i**2 + 11*i - 8. Let r be y(10). Is (r + 0)*66/12 a prime number?
True
Let q(r) = 8*r**2 - 7*r + 18. Is q(3) prime?
False
Let m(n) = n - n**2 - 7 + 3*n + 3*n. Let t be m(5). Suppose -4*b - 6*j + 4*j = -502, -j - 384 = -t*b. Is b composite?
False
Let l(d) = 2*d**2 - 12*d + 5. Suppose x + g - 6 = 2*g, 0 = -g + 2. Suppose x*a = 4*a + 48. Is l(a) a composite number?
False
Let k(b) = -3*b**3 + 4*b**2 - 4*b + 6. Let p(g) = 10*g**3 - 11*g**2 + 13*g - 18. Let x be 74/(-10) + (-10)/(-25). Let v(m) = x*k(m) - 2*p(m). Is v(6) composite?
True
Suppose -2*p = -3*x + 5 - 1, -p - 3 = -x. Let d(t) = -t**3 - 2*t**2 + t + 3. Let q be d(x). Is 1*(q + -2) - -88 composite?
True
Let t = -3751 - -2108. Let c = -987 - t. Suppose -967 = -3*s + c. Is s a composite number?
False
Suppose 28116 - 116808 = -12*r. Is r a composite number?
True
Let u = 69177 - 41974. Is u prime?
False
Suppose 3*q = -1093 - 419. Let w = q - -793. Is w a prime number?
False
Suppose 0 = v + 4*z - 11, 3*v - 6*z - 59 = -5*z. Is v a prime number?
True
Suppose 0 = -2*m + f + 2*f - 8, -10 = -3*m - f. Let x = -3 + 22. Is x*26*m/4 a composite number?
True
Let k(n) = 27*n**2 - 53*n + 387. Is k(8) composite?
True
Let j be (-15)/(-10)*4 - 4. Is -2 + (-3466)/(-12) - j/(-12) a composite number?
True
Is (1/(-3))/((-5)/7305) a prime number?
True
Is 2/(-3) + (-57400)/(-15) + -5 a prime number?
True
Is 1635618/54 - ((-228)/(-54) - 4) a composite number?
True
Let m(p) = 0 - 260*p + 1 + 2. Let c be m(-3). Let n = c - 546. Is n a prime number?
False
Suppose -2*d + 79 = 4*i - 10787, -i = 3*d - 16309. Is d prime?
True
Suppose 0 = -4*h + 39 + 5. Let g = h + -11. Suppose g = 5*m - 4*j - 251, 0 = m + j + 4*j - 56. Is m a prime number?
False
Suppose 12*r = 10*r - 0*r. Suppose -o = o + u - 4119, 4*u - 4 = r. Is o a composite number?
True
Let o(f) = -7*f - 23. Let z be o(-10). Let i = 106 - z. Is i a prime number?
True
Let r(l) = 2066*l - 225. Is r(16) prime?
True
Let d(z) = 327*z + 58. Is d(5) a prime number?
True
Let i(y) = y**3 - 3*y**2 - 6*y + 5. Let v be i(4). Let d(x) = -17*x**3 + 4*x + 8. Let j(w) = 6*w**3 - 2*w - 3. Let c(r) = 3*d(r) + 8*j(r). Is c(v) prime?
False
Suppose 23*k - 36238 = 21*k. Is k a composite number?
False
Suppose 15*f - 36*f = 1008. Let w be -128 - (-1)/(3 - 2). Let o = f - w. Is o prime?
True
Let a be (-1*1)/(4/(-8)). Let g be -3*-2*a/4. Is 1*186 - g/(-3) composite?
True
Suppose 55 = 5*d - 10. Let o = 45 + d. Is (0 - -3)/(3/o) composite?
True
Let b = 438 - -4703. Is b prime?
False
Let m = 0 + 6. Let d = -1 + m. Suppose d*k + 5*l = 2160, -2153 = -5*k + l + l. Is k prime?
True
Suppose 0*m + 15 = 5*m - 2*y, -2*m - 5*y = -6. Let v(n) = -n**2 + 3*n - 4. Let p be v(m). Let d(z) = 6*z**2 + 2*z - 3. Is d(p) a prime number?
False
Suppose 5*n = 5*s + 955, n + 3*s - s = 185. Suppose 2*z + n = -z. Let l = z + 370. Is l composite?
False
Let h(m) = -33*m**3 + 2*m**2 + 27*m + 1. Is h(-6) a prime number?
True
Let h(x) = 9*x + 11 + 12*x**3 - x**3 + 9*x**2 - 10*x**3. Let i be h(-8). Suppose 0 = -4*l - 2*r + 798, -i*r = l - r - 195. Is l composite?
True
Suppose 3*y - 2*b = 4489, 6*y - 11*y + 3*b + 7483 = 0. Is y composite?
False
Let p = 47 - 26. Let u be 2/3*p + 0. Is ((-22)/(-3))/(u/273) a prime number?
False
Let r(k) = -2*k + 32. Let s be r(-13). Suppose 4*y = -5*h + 1305, -5*h - s + 1368 = 5*y. Is h a composite number?
False
Suppose 4*g - 13*g = 0. Is (g + -1)/(2/382*-1) a composite number?
False
Let v(w) = 0*w + 24*w + 7 + 4*w + 3*w. Is v(4) composite?
False
Let x(r) = 145*r**2 - 25*r - 91. Is x(-11) a composite number?
False
Is 245043/38 - 2/(-4) prime?
True
Let h(a) = -2*a + 137. Let q(t) = -3*t + 135. Let z(g) = 5*h(g) - 4*q(g). Is z(0) a prime number?
False
Suppose -3*l + 12798 = -5*d, 3*d = 5*l + 8*d - 21370. Is l a prime number?
True
Let o be -6 - -7 - (0 + 3). Let y be 8 + -17 + (o - 1). Is (y/(-48))/(2/11192) a composite number?
False
Let f = -55 + 59. Is f/(48/177)*(-4)/(-1) prime?
True
Suppose -3*a - 1912 = -5713. Let m = -840 + a. Is m prime?
False
Suppose -952 = -p + x, 3*p - 3*x - 2863 = -7*x. Is p a composite number?
False
Let w(n) = -17*n**2 + 4*n - 10. Let l(s) = s**3 - 2*s**2 + s - 1. Let u(z) = 2*l(z) + w(z). Is u(15) a composite number?
True
Suppose 11*i = 3*l + 7*i - 9061, -3*l + 9056 = i. Is l composite?
False
Let h be (-2)/(-6) - (-50)/3. Suppose 3*u + 8 = h. Suppose 3*p - 59 = -u*j + 97, -3*j - 3 = 0. Is p composite?
False
Let v = -2 + 1. Let u(x) = -52*x**2 - x. Let a be u(v). Let m = a - -84. Is m composite?
True
Let p(m) = 2*m**3 - 11*m**2 + 21*m - 21. Is p(13) composite?
True
Let k(o) = o**2 + 14*o - 202. Is k(-59) composite?
True
Suppose 4*i = 5*t + 2280, -4*i + 971 + 1269 = 5*t. Let j(o) = -o. Let b be j(-4). Suppose -b*q - q + i = 0. Is q prime?
True
Let d(t) = -t**2 - 7*t + 5. Let k be d(-7). Suppose k*y - s = -0*y + 544, -331 = -3*y - 4*s. Is y a composite number?
False
Let t(d) = -1434*d - 57. Is t(-2) prime?
False
Let y(j) = 4*j**3 + 8*j**2 + 10*j - 8. Let t(u) = 11*u**3 + 23*u**2 + 29*u - 23. Let q(r) = -3*t(r) + 8*y(r). Is q(-6) composite?
False
Let i(k) = 81*k**2 + 21*k - 55. Is i(13) composite?
False
Let u be (-512)/28 + 4/14. Let f be (-4)/5*3015/u. Is -1*(-3)/(6/f) a composite number?
False
Suppose -4*b + 35 = -3*f, -4*b + f + 41 = b. Suppose -b = -2*q - 4. Let r = 104 + q. Is r prime?
False
Let g(w) = w**3 + 8*w**2 - 2*w - 16. Let l be g(-8). Suppose 9 = -l*a + 3*a. Suppose 406 = -h + a*h. Is h a composite number?
True
Suppose -4*a = -3*l - 105350, 3*a + 76*l = 80*l + 79009